in base 4?
-102213110332
Convert 111002232213 (base 4) to base 12.
1a202b3
Convert 15133663 (base 7) to base 8.
5366756
What is -336067 (base 13) in base 6?
-41554541
What is -54398b (base 12) in base 15?
-1b527b
-12450051 (base 6) to base 15
-81b0d
What is 526a18 (base 13) in base 9?
3558335
What is 2310423 (base 6) in base 14?
31075
-4737432 (base 10) to base 16
-484998
Convert -8c3c04 (base 15) to base 10.
-6695329
What is 1661433 (base 11) in base 3?
12022122200121
What is -436423 (base 8) in base 11?
-a0250
What is -202101112020000 (base 3) in base 5?
-10233223033
-b36b8 (base 13) to base 11
-1aa961
What is -23343066 (base 7) in base 11?
-118861a
What is -10bc0b (base 13) in base 6?
-12304135
Convert 11110100100101001 (base 2) to base 10.
125225
-b5e8 (base 16) to base 12
-22b48
What is -124087 (base 12) in base 6?
-10212251
Convert -1a5a2 (base 15) to base 13.
-2cca8
-1305a23 (base 11) to base 13
-612b26
-710a99 (base 11) to base 3
-2011002100001
-1ddc2 (base 16) to base 15
-2638b
What is -996383 (base 13) in base 8?
-15617502
Convert -878565 (base 9) to base 13.
-154a30
Convert 10343131110 (base 5) to base 9.
23235421
What is -56602 (base 13) in base 3?
-21222100221
7327 (base 10) to base 15
2287
31c682b (base 13) to base 12
5115627
What is a90d94 (base 16) in base 9?
22755546
11011011010110000101 (base 2) to base 14
1955c1
Convert 111000101110100000100 (base 2) to base 14.
3655ac
Convert 5314050 (base 7) to base 3.
1012122022100
Convert 1987 (base 15) to base 3.
21120201
Convert 10000110110 (base 3) to base 9.
100413
20333133313 (base 4) to base 13
646c21
-1220112010020 (base 3) to base 15
-150736
Convert 50549 (base 15) to base 2.
111110000101101111
-44000222 (base 5) to base 6
-12012222
What is 230020011 (base 4) in base 3?
100011221010
What is -16c7521 (base 13) in base 5?
-3344213200
What is 22212 (base 6) in base 15?
dbe
Convert 19a2e (base 16) to base 10.
105006
Convert -2607538 (base 9) to base 5.
-331011334
Convert 22661211 (base 7) to base 2.
111100111110100000001
Convert 293428 (base 15) to base 13.
546920
What is -14b44a (base 13) in base 11?
-319559
What is -458387 (base 12) in base 11?
-6a0542
Convert 233359 (base 15) to base 16.
19a865
Convert -4462550 (base 7) to base 12.
-228178
Convert 7b18d (base 16) to base 4.
1323012031
166825 (base 9) to base 3
12020220212
Convert -123238 (base 10) to base 8.
-360546
Convert -2930a (base 12) to base 6.
-1122014
175188 (base 10) to base 4
222301110
Convert -422934 (base 10) to base 14.
-b01b8
Convert 3100603 (base 7) to base 13.
cc586
-101332323 (base 4) to base 5
-4324114
221303020110 (base 4) to base 10
10957332
Convert -535071 (base 9) to base 12.
-134491
Convert -1110022110201 (base 3) to base 11.
-489416
Convert -22023222 (base 4) to base 5.
-2313311
9bc23 (base 14) to base 10
378311
19dc1b (base 14) to base 11
57a474
What is 2765386 (base 11) in base 8?
22133375
102242111 (base 5) to base 13
121198
What is 1120014 (base 7) in base 9?
232033
What is 2121202110202 (base 3) in base 10?
1392734
Convert 64042 (base 13) to base 3.
100011012101
Convert -676441 (base 10) to base 16.
-a5259
-bb0f (base 16) to base 3
-2102200121
What is 8a0724 (base 13) in base 7?
36454054
What is 1212020001121 (base 3) in base 8?
3612627
-5406800 (base 10) to base 7
-63646160
What is 4621312 (base 7) in base 16?
8cce3
100111110100010100110 (base 2) to base 9
2407683
Convert 2c640 (base 16) to base 15.
38d19
cd3c3 (base 16) to base 15
11912d
-11101101100010000111 (base 2) to base 3
-1211102121122
What is b510 (base 13) in base 16?
61c1
What is -3487425 (base 9) in base 10?
-1888457
What is -100193 (base 10) in base 8?
-303541
What is -c0d461 (base 15) in base 14?
-1305338
ba639 (base 13) to base 2
1010010010100110011
What is -1100110101100010000 (base 2) in base 15?
-84969
What is 414232344 (base 5) in base 2?
110100001110111101111
Convert -12135437 (base 8) to base 15.
-37adb3
Convert -414326 (base 14) to base 10.
-2201310
Convert 1aa880 (base 11) to base 2.
1001110100100100011
-173998 (base 11) to base 8
-1014667
-1004423 (base 9) to base 16
-828ae
Convert 1237682 (base 11) to base 9.
4033104
What is -4725492 (base 10) in base 13?
-c95b65
11101011011100111 (base 2) to base 5
12324201
What is -551655 (base 12) in base 5?
-321203442
78542 (base 13) to base 12
a6482
-1abb76 (base 13) to base 14
-13acb8
34511a (base 11) to base 15
ac7c9
What is 122170a (base 14) in base 15?
b68a12
Convert 229b5 (base 12) to base 16.
b519
What is 321620261 (base 7) in base 6?
1522434255
Convert 17dbb9 (base 16) to base 9.
2842737
Convert 3522a (base 13) to base 5.
11101132
Convert -2a60 (base 15) to base 13.
-41a3
What is 36d26 (base 15) in base 14?
47b42
What is -26c60 (base 13) in base 11?
-4a448
-761354 (base 9) to base 7
-3566554
Convert -635858 (base 9) to base 10.
-378323
Convert -1022122010122 (base 3) to base 9.
-1278118
Convert -4169c5 (base 13) to base 16.
-175315
What is 147766 (base 10) in base 8?
440466
What is -5e3a6 (base 16) in base 11?
-243a81
86d27 (base 15) to base 14
b20a8
Convert -1118a (base 11) to base 6.
-202543
Convert 40528 (base 15) to base 8.
615617
What is 14502232 (base 6) in base 11?
316158
2154441 (base 6) to base 12
52a21
-211120222221 (base 3) to base 9
-746887
What is 1110110100000000000010 (base 2) in base 5?
1443224020
Convert -a85071 (base 11) to base 9.
-3233088
Convert 4144424123 (base 5) to base 9.
17145515
-140324344 (base 5) to base 13
-1c01bc
Convert -120505 (base 11) to base 9.
-320828
What is -30434030 (base 5) in base 9?
-418831
What is 343b (base 13) in base 15?
227c
What is 11000000000011111 (base 2) in base 14?
27b9d
-11521434 (base 7) to base 14
-1cb81b
-1013146 (base 12) to base 10
-3012102
-2418d1 (base 15) to base 8
-6454235
10030201312 (base 4) to base 5
240144034
What is 3232503 (base 9) in base 15?
243b80
Convert 150ff (base 16) to base 10.
86271
755103a (base 11) to base 10
13280761
-13175 (base 16) to base 3
-10222021012
Convert 1381412 (base 12) to base 8.
16702416
Convert 200022311 (base 4) to base 6.
2454005
-93a8c2 (base 13) to base 3
-20111022121102
-1c4067 (base 13) to base 12
-2aa416
What is 13441133 (base 5) in base 14?
39120
-b2b86 (base 16) to base 6
-23405022
-3269619 (base 10) to base 15
-448b99
b4e31d (base 15) to base 2
100000110100011110111010
Convert -20700 (base 10) to base 8.
-50334
-1c0bab (base 13) to base 16
-aecf9
Convert -168767 (base 14) to base 5.
-200313420
What is -2115c (base 16) in base 5?
-13314031
What is 22884782 (base 9) in base 7?
163556306
What is 57068 (base 12) in base 8?
342220
Convert -111000111110010101001 (base 2) to base 4.
-13013302221
Convert -100001011000001000100000 (base 2) to base 6.
-511311224
Convert 413a4 (base 15) to base 11.
131333
Convert -32331141 (base 7) to base 6.
-135124100
What is -1101011100000 (base 2) in base 3?
-100102211
Convert 291844 (base 11) to base 10.
456218
87271a (base 13) to base 10
3175871
-1dda8a (base 14) to base 4
-10012130222
-310314302 (base 5) to base 4
-10303300201
What is -13256165 (base 8) in base 6?
-143414525
What is 121101102101 (base 3) in base 8?
1165735
Convert -a30b (base 16) to base 14.
-112d5
Convert -1022220121 (base 3) to base 14.
-977d
What is 100101010000010101110100 (base 2) in base 14?
14231c0
Convert 12030130 (base 5) to base 16.
1b2ba
3110510 (base 6) to base 15
2e336
Convert 332c01 (base 13) to base 15.
18c4e0
-1675d (base 16) to base 11
-63134
What is -56557c (base 13) in base 8?
-7617724
What is -10010111000111111 (base 2) in base 10?
-77375
Convert -11001001011011011 (base 2) to base 13.
-37c32
Convert 675fda (base 16) to base 10.
6774746
23750240 (base 9) to base 5
10432402412
What is -12021211011 (base 3) in base 4?
-121122310
1efe8 (base 16) to base 12
61574
Convert 112212111012 (base 3) to base 9.
485435
What is 12767430 (base 8) in base 2?
1010111110111100011000
-14302410 (base 5) to base 13
-5358a
What is -82418 (base 10) in base 9?
-135045
-a65787 (base 11) to base 9
-3180113
What is 11020100012 (base 3) in base 6?
1441522
522948 (base 15) to base 12
1384b88
10144030103 (base 5) to base 11
5a44794
What is 26a122a (base 12) in base 16?
751a02
-12014031013 (base 5) to base 3
-221222211221110
What is -20040614 (base 8) in base 14?
-7b891a
-a1307 (base 1